at is the greatest common divisor of 546 and 201453?
21
What is the greatest common factor of 329047 and 94?
47
What is the highest common divisor of 912 and 737808?
912
Calculate the greatest common factor of 442013 and 121.
121
Calculate the highest common divisor of 1376 and 11524.
172
Calculate the highest common divisor of 235393 and 58.
29
What is the greatest common factor of 17856 and 2880?
576
Calculate the greatest common factor of 6202 and 8666.
14
What is the highest common divisor of 954 and 164830?
106
Calculate the highest common divisor of 453 and 7399.
151
What is the greatest common factor of 4696 and 144?
8
Calculate the greatest common factor of 14113 and 44.
11
Calculate the greatest common divisor of 2952 and 56416.
328
What is the greatest common divisor of 1947 and 2284893?
177
What is the highest common factor of 84 and 58436?
28
What is the highest common divisor of 4380 and 550?
10
What is the greatest common factor of 6256 and 176?
16
What is the greatest common factor of 11 and 189?
1
Calculate the highest common factor of 5495 and 69965.
35
Calculate the highest common divisor of 1496 and 134453.
187
What is the greatest common factor of 12623 and 12883?
13
Calculate the greatest common factor of 32197 and 11.
11
What is the highest common factor of 114367 and 281?
281
Calculate the highest common factor of 1084 and 2270709.
271
Calculate the greatest common factor of 432 and 14463.
9
Calculate the highest common factor of 5678 and 67558.
34
Calculate the greatest common factor of 70 and 347410.
70
Calculate the highest common factor of 462 and 12418.
14
Calculate the highest common divisor of 4379289 and 2995.
599
Calculate the greatest common divisor of 1130632 and 1164.
388
Calculate the greatest common divisor of 96954 and 31746.
858
Calculate the greatest common factor of 1727 and 1243.
11
Calculate the highest common divisor of 22126 and 7622.
74
Calculate the highest common divisor of 273354 and 1218.
174
What is the greatest common divisor of 1871568 and 369?
369
Calculate the highest common factor of 15531 and 124.
31
What is the highest common factor of 8432 and 2448?
272
What is the highest common factor of 20110 and 4190?
10
Calculate the greatest common factor of 103759 and 3268.
817
Calculate the highest common divisor of 3290 and 220.
10
Calculate the highest common divisor of 44583 and 5775.
231
What is the greatest common divisor of 5184 and 441936?
1296
What is the greatest common factor of 39109 and 7701?
151
What is the highest common divisor of 993 and 1998578?
331
What is the highest common factor of 4 and 26882?
2
What is the greatest common divisor of 14 and 6428352?
14
Calculate the greatest common divisor of 2813 and 7453.
29
What is the greatest common factor of 5300 and 113632?
212
What is the greatest common factor of 6 and 115410?
6
Calculate the greatest common divisor of 14050 and 290.
10
What is the greatest common factor of 70 and 603029?
7
What is the greatest common factor of 561 and 676923?
51
Calculate the highest common divisor of 1380544 and 296.
296
What is the greatest common factor of 601812 and 73?
73
What is the greatest common divisor of 209 and 515185?
209
What is the greatest common factor of 12099 and 2?
1
What is the highest common divisor of 145810 and 3290?
70
Calculate the highest common divisor of 22 and 145255.
11
Calculate the greatest common divisor of 70854 and 70.
14
What is the greatest common factor of 5296 and 368?
16
Calculate the greatest common divisor of 117918 and 72.
18
What is the greatest common divisor of 413 and 4907?
7
Calculate the greatest common factor of 108049 and 1294.
647
What is the highest common factor of 10534 and 115?
23
What is the highest common divisor of 297 and 18194?
11
What is the greatest common factor of 417 and 1253085?
417
Calculate the highest common divisor of 2253 and 2492569.
751
Calculate the highest common factor of 72243 and 10971.
207
What is the highest common factor of 2565 and 351?
27
What is the highest common factor of 253 and 123211?
253
Calculate the highest common factor of 194117 and 6853.
77
Calculate the greatest common factor of 63 and 47457.
9
What is the greatest common factor of 366 and 359778?
366
Calculate the highest common divisor of 9125 and 58125.
125
Calculate the greatest common factor of 866334 and 21.
21
Calculate the greatest common factor of 1120 and 6096160.
1120
Calculate the greatest common factor of 146178 and 594.
54
What is the highest common factor of 326547 and 117?
117
Calculate the highest common factor of 918739 and 20917.
1609
Calculate the greatest common divisor of 613459 and 154.
77
What is the greatest common factor of 1200 and 2023200?
1200
Calculate the greatest common divisor of 53388 and 396.
36
Calculate the highest common factor of 208146 and 339.
339
Calculate the greatest common divisor of 77 and 249557.
77
Calculate the highest common divisor of 190733 and 29.
29
Calculate the greatest common divisor of 71656 and 208.
104
What is the highest common factor of 3627715 and 221?
221
Calculate the highest common divisor of 9831 and 2712.
339
Calculate the greatest common factor of 22144 and 82348.
692
What is the greatest common divisor of 708 and 30?
6
What is the greatest common factor of 28338 and 12?
6
What is the highest common divisor of 70144 and 24?
8
Calculate the highest common divisor of 1653 and 14094.
87
What is the highest common divisor of 35131 and 171?
19
Calculate the highest common factor of 8668352 and 176.
176
Calculate the greatest common divisor of 138973 and 62.
31
What is the greatest common divisor of 1935 and 57915?
45
What is the greatest common divisor of 222712 and 194?
194
What is the greatest common divisor of 649 and 17287?
59
What is the greatest common divisor of 15 and 94505?
5
Calculate the highest common divisor of 920 and 112792.
184
Calculate the greatest common factor of 1395 and 125395.
155
Calculate the greatest common divisor of 48516 and 52.
52
Calculate the highest common factor of 171050 and 2750.
550
What is the greatest common factor of 1501289 and 538?
269
Calculate the greatest common factor of 128 and 125472.
32
What is the highest common factor of 13172 and 32412?
148
What is the greatest common factor of 4896 and 1139?
17
Calculate the greatest common divisor of 2592 and 5427.
81
Calculate the highest common factor of 177 and 342259.
59
What is the greatest common divisor of 6 and 1873866?
6
Calculate the greatest common divisor of 350 and 25120.
10
Calculate the highest common factor of 45 and 72666.
9
What is the greatest common divisor of 757925 and 427?
427
Calculate the greatest common divisor of 21018 and 8091.
93
Calculate the greatest common factor of 2834 and 9490.
26
What is the highest common divisor of 159390 and 9?
9
Calculate the greatest common divisor of 1006246 and 2.
2
What is the greatest common divisor of 1776 and 21090?
222
Calculate the highest common divisor of 10566 and 4410.
18
What is the greatest common divisor of 1166696 and 328?
328
Calculate the highest common divisor of 611513 and 21.
7
What is the greatest common divisor of 2904 and 1704?
24
Calculate the greatest common divisor of 2375 and 4771850.
475
Calculate the greatest common divisor of 17948 and 112.
28
What is the greatest common divisor of 1670769 and 18?
9
Calculate the highest common divisor of 3586175 and 1340.
335
Calculate the greatest common divisor of 1133 and 572.
11
Calculate the highest common factor of 60 and 782580.
60
Calculate the greatest common factor of 119509 and 951.
317
What is the highest common divisor of 115 and 50899?
23
What is the greatest common divisor of 41724 and 96?
12
What is the highest common divisor of 1081 and 3?
1
Calculate the greatest common divisor of 408 and 75752.
136
Calculate the greatest common factor of 152 and 296552.
152
What is the greatest common factor of 330 and 418330?
110
What is the greatest common factor of 128 and 4506?
2
What is the highest common divisor of 10571 and 682?
341
What is the greatest common divisor of 12166 and 54194?
1106
What is the highest common divisor of 19182 and 184?
46
Calculate the greatest common divisor of 17 and 667250.
17
What is th